14628810?
False
Does 267 divide 1220163300?
True
Is 27649407 a multiple of 753?
True
Does 415 divide 544964305?
True
Is 159 a factor of 659645657?
False
Does 417 divide 4054491?
True
Does 16 divide 53384624?
True
Is 33130977 a multiple of 686?
False
Does 144 divide 12298341?
False
Does 2516 divide 177001181?
False
Does 176 divide 55024464?
True
Is 19204066 a multiple of 217?
True
Is 473 a factor of 221380082?
True
Does 510 divide 48482444?
False
Is 97 a factor of 347803976?
True
Is 20150109 a multiple of 12?
False
Is 54 a factor of 73107846?
True
Is 1084 a factor of 759474773?
False
Does 337 divide 29105005?
True
Is 3248394008 a multiple of 8?
True
Is 48 a factor of 56680320?
True
Is 1112297801 a multiple of 185?
False
Is 126 a factor of 471279989?
False
Is 299 a factor of 471735589?
True
Is 253 a factor of 865513?
True
Does 367 divide 29893985?
True
Is 46 a factor of 3224159?
False
Does 1626 divide 61251420?
True
Is 341666905 a multiple of 1420?
False
Is 139635357 a multiple of 23?
False
Is 5788893 a multiple of 38?
False
Does 26 divide 72152262?
True
Does 63 divide 229761?
True
Is 13 a factor of 44536843?
True
Is 1331 a factor of 9730353?
False
Is 19 a factor of 19835880?
False
Is 4598374 a multiple of 40?
False
Is 914 a factor of 86161866?
True
Is 128595991 a multiple of 538?
False
Is 11 a factor of 106741839?
False
Is 1897106 a multiple of 158?
True
Is 4309586512 a multiple of 632?
True
Is 302892089 a multiple of 52?
False
Does 954 divide 248659148?
False
Does 13 divide 52078143?
True
Does 10 divide 162515320?
True
Is 107 a factor of 160753483?
True
Is 604 a factor of 4544496?
True
Is 16574436 a multiple of 516?
True
Does 669 divide 61319202?
True
Is 10825237 a multiple of 6?
False
Is 12 a factor of 43030687?
False
Is 1646878000 a multiple of 200?
True
Is 22540350 a multiple of 105?
True
Does 4820 divide 367660947?
False
Does 38 divide 188756944?
True
Is 1369423381 a multiple of 59?
False
Does 2 divide 10751709?
False
Does 2108 divide 90093812?
True
Is 235 a factor of 341523620?
True
Is 3789 a factor of 587683341?
False
Is 21 a factor of 138154737?
True
Is 1268705149 a multiple of 573?
False
Is 15 a factor of 66311560?
False
Is 1516108439 a multiple of 684?
False
Is 417534238 a multiple of 3707?
True
Does 34 divide 13244836?
True
Is 29102400 a multiple of 423?
True
Is 3 a factor of 6417514?
False
Is 2935872507 a multiple of 3093?
True
Does 16 divide 38170093?
False
Is 4065335 a multiple of 19?
True
Does 2610 divide 31487040?
True
Is 88 a factor of 62469373?
False
Is 67074677 a multiple of 1312?
False
Is 222 a factor of 571107876?
True
Does 66 divide 78837198?
True
Is 7580794 a multiple of 274?
False
Does 1223 divide 65835313?
True
Does 208 divide 91198016?
True
Does 1627 divide 573175934?
False
Is 11493015 a multiple of 249?
False
Is 17 a factor of 12355833?
False
Is 82984625 a multiple of 25?
True
Does 12 divide 842967790?
False
Is 5 a factor of 1147782?
False
Is 90 a factor of 26512650?
True
Does 14 divide 347289124?
True
Is 533984000 a multiple of 4100?
True
Is 700461020 a multiple of 166?
False
Is 30 a factor of 4574253780?
True
Is 4223 a factor of 203734204?
False
Is 53707983 a multiple of 7?
True
Is 1750 a factor of 31874500?
True
Is 1741903237 a multiple of 41?
False
Is 106 a factor of 13286358?
True
Is 44970799 a multiple of 179?
False
Does 328 divide 112167573?
False
Is 48095506 a multiple of 48?
False
Is 86 a factor of 212084191?
False
Is 175 a factor of 4507809?
False
Is 1209 a factor of 747284109?
True
Is 11 a factor of 3885112?
True
Does 130 divide 246616240?
True
Is 704537720 a multiple of 4330?
False
Does 302 divide 41866562?
True
Is 356 a factor of 98801036?
True
Is 383 a factor of 52458361?
True
Is 248 a factor of 7672450?
False
Is 1346 a factor of 496746781?
False
Is 79353845 a multiple of 52?
False
Does 8 divide 2010352552?
True
Does 786 divide 2773856880?
True
Is 1303077512 a multiple of 1231?
True
Is 6495443 a multiple of 16?
False
Does 26 divide 25367405?
False
Is 368847128 a multiple of 2?
True
Is 857878641 a multiple of 35?
False
Is 947 a factor of 154516755?
False
Does 16 divide 2165660096?
True
Does 20 divide 52676460?
True
Is 80471232 a multiple of 1032?
True
Does 53 divide 767257892?
True
Does 78 divide 22875372?
True
Is 1302240861 a multiple of 10377?
True
Does 48 divide 134453332?
False
Does 1590 divide 656188230?
True
Is 1382 a factor of 196864545?
False
Is 9 a factor of 307438596?
True
Does 102 divide 712744788?
True
Does 36 divide 137365762?
False
Does 587 divide 751098?
False
Is 81906666 a multiple of 124?
False
Is 280826968 a multiple of 8?
True
Is 27 a factor of 83555811?
False
Is 222 a factor of 14684190?
True
Does 367 divide 155835736?
False
Is 96 a factor of 6955058?
False
Does 755 divide 3771952?
False
Does 962 divide 347984260?
True
Is 44138288 a multiple of 16?
True
Is 122 a factor of 3542636?
True
Is 897883560 a multiple of 102?
True
Is 113781984 a multiple of 2248?
False
Is 494 a factor of 2124235050?
False
Is 82 a factor of 16609068?
False
Is 1240 a factor of 36071600?
True
Is 40 a factor of 48313160?
True
Is 46314868 a multiple of 527?
True
Is 188 a factor of 25985548?
True
Is 626733684 a multiple of 582?
True
Does 585 divide 212243850?
True
Is 21914001 a multiple of 65?
False
Does 64 divide 381288000?
True
Is 550 a factor of 103585350?
True
Is 98 a factor of 2985485524?
True
Is 118054115 a multiple of 275?
False
Does 57 divide 620150082?
True
Does 40 divide 144773760?
True
Does 1498 divide 4755980930?
False
Is 5878 a factor of 259850557?
False
Is 13 a factor of 335333713?
True
Does 15 divide 61588785?
True
Is 7153856 a multiple of 64?
True
Is 505 a factor of 591400528?
False
Is 18 a factor of 1377065?
False
Is 29396100 a multiple of 16?
False
Is 11775633 a multiple of 67?
False
Is 568265929 a multiple of 3487?
True
Does 24 divide 7420920?
True
Does 1255 divide 19354702?
False
Is 476 a factor of 12442164?
True
Is 29244726 a multiple of 189?
True
Is 2315333184 a multiple of 48?
True
Does 54 divide 5010022?
False
Does 7 divide 310933457?
False
Is 132194720 a multiple of 224?
True
Does 16 divide 21542239?
False
Is 17266545 a multiple of 1283?
False
Is 710717248 a multiple of 1498?
False
Does 626 divide 737839468?
False
Is 9 a factor of 154153570?
False
Does 2 divide 14847619?
False
Does 290 divide 2401200?
True
Does 17 divide 24114704?
True
Is 6 a factor of 113042376?
True
Is 13897701 a multiple of 7?
False
Is 2268626999 a multiple of 1007?
True
Is 7 a factor of 14473067?
True
Is 2450 a factor of 41324150?
True
Is 178 a factor of 6646681980?
True
Is 59349459 a multiple of 215?
False
Is 5834716 a multiple of 19?
False
Is 18 a factor of 1956789980?
False
Is 3756 a factor of 962906940?
True
Does 15 divide 600592366?
False
Does 10381 divide 362676003?
False
Is 27 a factor of 4924466604?
True
Is 139834459 a multiple of 12?
False
Is 13 a factor of 89886570?
False
Is 238 a factor of 69943202?
True
Does 131 divide 32814190?
True
Is 346435210 a multiple of 253?
False
Is 34 a factor of 87742688?
False
Is 34 a factor of 1825118240?
False
Is 48687997 a multiple of 342?
False
Is 6 a factor of 478020544?
False
Is 4424 a factor of 963089157?
False
Is 1263 a factor of 414959101?
False
Is 406302897 a multiple of 5187?
True
Does 2637 divide 220893357?
False
Does 226 divide 137909946?
True
Is 12 a factor of 46244880?
True
Is 43509048 a multiple of 1323?
False
Is 711395840 a multiple of 80?
True
Is 31228687 a multiple of 34?
False
Does 395 divide 192870632?
False
Is 511033248 a multiple of 16?
True
Is 3992751 a multiple of 29?
False
Does 15 divide 1898467125?
True
Is 13315441 a multiple of 3?
False
Is 8 a factor of 7710288?
True
Does 301 divide 567301?
False
Is 221902830 a multiple of 65?
False
Does 113 divide 468937696?
False
Is 53 a factor of 512298904?
False
Does 4 divide 18782205?
False
Does 295 divide 666055955?
False
Does 37 divide 252720019?
False
Does 28 divide 1736593?
False
Does 4 divide 7340612?
True
Is 1817163086 a multiple of 309?
False
Is 10577088 a multiple of 216?
True
Does 3086 divide 304422399?
False
Is 126 a factor of 3850132356?
True
Is 187623512 a multiple of 67?
False
Is 405100239 a multiple of 669?
True
Does 3 divide 63888456?
True
Is 45001671 a multiple of 429?
True
Is 1835 a factor of 59